o base 13
298898
-22632426 (base 7) to base 5
-1002210311
Convert 20211002020 (base 4) to base 16.
225088
Convert -6633588 (base 9) to base 14.
-68b43d
218229 (base 11) to base 12
149240
What is -568134 (base 12) in base 4?
-11101202320
Convert -210132200101 (base 4) to base 14.
-13aca53
What is 929242 (base 12) in base 8?
10606022
What is -22122021032 (base 4) in base 5?
-1144303101
Convert -224dd7 (base 15) to base 5.
-404333002
Convert 3026519 (base 12) to base 3.
121221210010110
-30158 (base 14) to base 10
-115522
What is -142a4a (base 12) in base 6?
-11114534
-11010011101101001010 (base 2) to base 12
-3599a2
-20165641 (base 7) to base 11
-a4850a
-b5c918 (base 14) to base 10
-6142858
72181 (base 10) to base 4
101213311
1541335 (base 10) to base 15
206a5a
10001101202 (base 3) to base 4
32222210
21133202232 (base 4) to base 7
30103041
-332222103 (base 4) to base 13
-8ca90
What is 293c0 (base 15) in base 12?
64800
What is -1089718 (base 10) in base 7?
-12156010
What is 16159 (base 13) in base 3?
2010121001
20204435 (base 6) to base 11
364110
What is 45746 (base 13) in base 14?
34138
-2065200 (base 7) to base 6
-5220233
What is 10710783 (base 9) in base 15?
6cbbb0
What is 34418 (base 13) in base 8?
271700
-11012524 (base 6) to base 4
-1100031010
221022102220112 (base 3) to base 14
1b02574
What is -4cc0e (base 16) in base 7?
-2446365
What is 22346 (base 10) in base 6?
251242
3156186 (base 9) to base 10
1690710
What is d7d01 (base 15) in base 4?
2213022010
What is -61082 (base 12) in base 2?
-11110110100100010
What is -2222121021 (base 4) in base 15?
-dbbd9
-188650 (base 10) to base 5
-22014100
What is 1000213312 (base 4) in base 5?
31432234
-6201260 (base 7) to base 5
-142134431
What is 13403200 (base 5) in base 6?
2542313
3aa70 (base 13) to base 12
533b6
1390b8 (base 13) to base 3
220020011222
What is 3130032 (base 5) in base 10?
51892
Convert 30b006 (base 16) to base 7.
36056411
What is 10110100111011010 (base 2) in base 10?
92634
-215bb22 (base 12) to base 15
-855068
3575856 (base 11) to base 8
27610135
What is 486684 (base 9) in base 15?
5beea
What is e43769 (base 15) in base 14?
1624661
What is -154a79 (base 14) in base 8?
-2653043
What is 1638ebd (base 15) in base 11?
9117019
Convert -113330323223 (base 4) to base 15.
-84062b
Convert -1b309 (base 15) to base 9.
-144270
Convert 125602 (base 12) to base 10.
299810
-389311 (base 10) to base 3
-201210000221
Convert 11001100011111101111 (base 2) to base 15.
1182b0
Convert -3dd7a (base 16) to base 6.
-5232414
What is 5263246 (base 7) in base 12?
268a6a
6054 (base 13) to base 2
11001111000011
-a492d2 (base 14) to base 10
-5557176
What is -2612303 (base 7) in base 13?
-bb61c
922a5 (base 11) to base 3
20211220011
3422576 (base 9) to base 13
4c8072
What is 150392a (base 13) in base 3?
110120221220110
What is -c6ae5 (base 15) in base 12?
-26485b
Convert 55506061 (base 8) to base 16.
b68c31
2415b (base 12) to base 3
2110122222
Convert 232432442 (base 5) to base 12.
432446
Convert 440023302 (base 5) to base 8.
7121336
-110001100100101000 (base 2) to base 4
-301210220
What is -101111002201 (base 3) in base 11?
-131069
What is -45445 (base 11) in base 10?
-65752
-1021210220120 (base 3) to base 13
-1acb53
What is 1005817 (base 9) in base 7?
4360645
Convert -167683 (base 15) to base 3.
-2001021202120
Convert -6c8c6e (base 15) to base 2.
-10011110011111101010010
What is 122241430 (base 5) in base 10?
587115
-140478 (base 12) to base 5
-41114234
-423150021 (base 6) to base 10
-7432573
-3854b (base 14) to base 3
-21000122021
What is 31033022321 (base 4) in base 6?
202212505
What is -212322330 (base 4) in base 14?
-42152
2b6c5 (base 14) to base 12
52865
Convert -21a73 (base 15) to base 9.
-172670
What is -10534055 (base 6) in base 4?
-1033000103
What is -142443302 (base 5) in base 11?
-4723a1
What is 122122200020 (base 3) in base 12?
149120
-32010131321 (base 4) to base 8
-16043571
-2773ee (base 15) to base 11
-1086806
-2200462 (base 10) to base 8
-10311616
Convert -101244615 (base 7) to base 6.
-331013230
4c48a (base 15) to base 4
323210332
-4175aa8 (base 12) to base 11
-6a74371
What is 4331281 (base 11) in base 7?
121504054
What is 2115a74 (base 11) in base 6?
211513304
Convert 11131333210 (base 4) to base 10.
1433572
Convert 595621 (base 12) to base 6.
50512041
-111011011111100010001 (base 2) to base 6
-105441133
Convert -10111011100101111 (base 2) to base 5.
-11033142
1011000101000110110 (base 2) to base 14
96450
What is 34514225 (base 6) in base 5?
233130221
-2fe10f (base 16) to base 15
-41eac2
115296 (base 12) to base 11
180362
214765 (base 11) to base 15
6b95a
What is -11612064 (base 9) in base 3?
-101200102002011
13660132 (base 7) to base 16
13b622
-8226203 (base 9) to base 7
-52201632
-1675d (base 14) to base 6
-1112451
What is -150424 (base 8) in base 11?
-37239
Convert -10202000022122 (base 3) to base 5.
-1002110331
68a05 (base 11) to base 8
302575
Convert 3464036 (base 8) to base 14.
1a811c
Convert 11850e (base 15) to base 11.
522785
Convert -11022221122 (base 3) to base 10.
-85256
What is 47a0 (base 14) in base 15?
3a78
-1265422 (base 8) to base 12
-1515aa
Convert -14a73b3 (base 13) to base 16.
-64ea77
What is -100011102001 (base 3) in base 16?
-2c089
What is -10a7225 (base 13) in base 6?
-301525303
Convert 12143235 (base 6) to base 5.
44340301
30231022213 (base 4) to base 11
1975474
What is 55503 (base 8) in base 7?
125054
Convert 5483867 (base 12) to base 5.
13110110201
Convert -20694b (base 14) to base 16.
-10b137
Convert -10101110010001101010 (base 2) to base 10.
-713834
What is -1101000110100101111110 (base 2) in base 3?
-20110111202201
Convert -8754762 (base 9) to base 6.
-244432515
-22023 (base 8) to base 4
-2100103
-717a76 (base 14) to base 5
-1434340311
-18937a5 (base 12) to base 2
-10011101110000110101101
Convert 63160315 (base 8) to base 10.
13426893
What is -66045 (base 12) in base 8?
-407265
What is 150b37 (base 16) in base 15?
1c396c
Convert 219574 (base 11) to base 12.
14a254
Convert 4031411022 (base 5) to base 12.
2855582
Convert -934a13 (base 11) to base 10.
-1499930
What is 1311030021 (base 4) in base 14?
c6d05
Convert -d87079 (base 15) to base 9.
-21338706
What is -70b4c7 (base 14) in base 9?
-7125008
Convert 91a8 (base 16) to base 15.
b0ad
Convert 1864790 (base 10) to base 7.
21564464
What is -564011 (base 10) in base 16?
-89b2b
Convert 121232213121 (base 4) to base 3.
110200122202200
What is 17dba9 (base 15) in base 14?
222b99
Convert -2101101201101 (base 3) to base 4.
-10311131011
What is -2243504 (base 7) in base 12?
-115b02
What is -121561 (base 11) in base 2?
-101110111101010000
What is 1b6c06 (base 13) in base 12?
2995a0
Convert -24130016 (base 7) to base 3.
-11000210212102
Convert -9228005 (base 10) to base 2.
-100011001100111011100101
Convert -3063523 (base 7) to base 8.
-1320004
What is -1835422 (base 10) in base 5?
-432213142
Convert 2013202 (base 4) to base 10.
8674
-1021032240 (base 5) to base 2
-1000000111010101011011
Convert -361325 (base 8) to base 5.
-12423410
Convert -1131d (base 16) to base 4.
-101030131
10131022 (base 4) to base 15
561a
-320432 (base 7) to base 15
-11662
Convert a148 (base 14) to base 16.
6c34
-91a1 (base 11) to base 3
-121202021
What is 1150c (base 13) in base 3?
1121100221
20200100002 (base 3) to base 2
100000000110001001
Convert 556982 (base 12) to base 13.
387aca
1acab95 (base 13) to base 4
201332122312
-76d6 (base 16) to base 9
-45652
Convert -220526 (base 13) to base 4.
-3003131021
Convert 33a3e (base 16) to base 13.
75378
What is 3992a (base 14) in base 2?
100010100110110010
What is a1a1 (base 14) in base 11?
19962
-500060 (base 8) to base 9
-268727
Convert -210022121010012 (base 3) to base 6.
-1042455135
What is -12002020221011 (base 3) in base 13?
-7378c3
-3b7c5 (base 13) to base 7
-642116
-100010101101101010100 (base 2) to base 4
-10111231110
-602291 (base 13) to base 12
-8b8028
Convert -25a453 (base 13) to base 8.
-3355511
Convert -11121010101 (base 3) to base 13.
-32257
44304625 (base 7) to base 5
1434114444
What is 711779 (base 10) in base 6?
23131135
44066511 (base 7) to base 16
39b36d
-19509 (base 16) to base 11
-709a3
Convert 8031c (base 13) to base 10.
229020
-1431241 (base 6) to base 2
-10100000000101001
What is -99899